{"id":7,"date":"2013-06-14T17:37:39","date_gmt":"2013-06-14T15:37:39","guid":{"rendered":"https:\/\/foerderverein-gs-osann-monzel.de\/web\/?page_id=7"},"modified":"2015-09-10T20:14:32","modified_gmt":"2015-09-10T18:14:32","slug":"verein","status":"publish","type":"page","link":"https:\/\/foerderverein-gs-osann-monzel.de\/web\/verein\/","title":{"rendered":"Der Verein"},"content":{"rendered":"<h2>Gemeinsam machen wir uns stark f\u00fcr unsere Kinder<\/h2>\n<p><img decoding=\"async\" loading=\"lazy\" class=\"bildl    alignnone\" style=\"margin-top: 5px; margin-bottom: 12px; margin-left: 0px;\" alt=\"Foto: \u00a9 Alexandra-H.\/pixelio.de\" src=\"https:\/\/foerderverein-gs-osann-monzel.de\/web\/wp-content\/uploads\/2013\/06\/567900_web_R_K_B_by_Alexandra-H._pixelio.de_.jpg\" width=\"304\" height=\"243\" \/><\/p>\n<p style=\"text-align: left;\">Der F\u00f6rderverein der Grundschule Osann-Monzel besteht aus Eltern, Lehrern und Mitb\u00fcrgern, die Interesse an der F\u00f6rderung der Grundschule Osann-Monzel haben und\u00a0macht es sich seit der Gr\u00fcndung am 13. M\u00e4rz 2013 zur Aufgabe, die Grundschule zu unterst\u00fctzen und Aktivit\u00e4ten zu f\u00f6rdern, die nicht vom Schultr\u00e4ger \u00fcbernommen werden k\u00f6nnen.<\/p>\n<p>Am 24. April 2013 wurde der Verein vom Finanzamt Bernkastel-Wittlich als gemeinn\u00fctzig anerkannt.<\/p>\n<p><strong style=\"color: #1d71b8;\">Unsere Ziele sind es<\/strong><\/p>\n<ul>\n<li><span style=\"line-height: 13px;\">Die bestm\u00f6glichen Voraussetzungen f\u00fcr die Entwicklung unserer Kinder schaffen.<\/span><\/li>\n<li>Das Vertrauensverh\u00e4ltnis zwischen Elternschaft, Lehrern und Sch\u00fclern pflegen.<\/li>\n<li>Die Schularbeit ideell und materiell f\u00f6rdern .<\/li>\n<li>Die Zukunft unserer Schule sichern.<\/li>\n<\/ul>\n<p>&nbsp;<\/p>\n<p><strong style=\"color: #1d71b8;\">Daher sucht der Vorstand \u00a0noch weitere Mitstreiter<\/strong><\/p>\n<ul>\n<li>um Ideen f\u00fcr seine Ziele zu sammeln<\/li>\n<li>unsere Schule zu unterst\u00fctzen<\/li>\n<li>Hilfestellung zu geben<\/li>\n<li>die Schule als Lebensort mitzugestalten<\/li>\n<\/ul>\n<p>&nbsp;<\/p>\n<p><strong style=\"color: #1d71b8;\">Jeder kann Mitglied werden!<\/strong><\/p>\n<p>&nbsp;<\/p>\n<p><span class=\"foto\">Foto: \u00a9 Alexandra-H.\/pixelio.de<\/span><\/p>\n","protected":false},"excerpt":{"rendered":"<p>Gemeinsam machen wir uns stark f\u00fcr unsere Kinder Der F\u00f6rderverein der Grundschule Osann-Monzel besteht aus Eltern, Lehrern und Mitb\u00fcrgern, die Interesse an der F\u00f6rderung der Grundschule Osann-Monzel haben und\u00a0macht es sich seit der Gr\u00fcndung am 13. M\u00e4rz 2013 zur Aufgabe, die Grundschule zu unterst\u00fctzen und Aktivit\u00e4ten zu f\u00f6rdern, die nicht vom Schultr\u00e4ger \u00fcbernommen werden k\u00f6nnen. [&hellip;]<\/p>\n","protected":false},"author":1,"featured_media":0,"parent":0,"menu_order":0,"comment_status":"open","ping_status":"closed","template":"page-templates\/2spaltig.php","meta":[],"_links":{"self":[{"href":"https:\/\/foerderverein-gs-osann-monzel.de\/web\/wp-json\/wp\/v2\/pages\/7"}],"collection":[{"href":"https:\/\/foerderverein-gs-osann-monzel.de\/web\/wp-json\/wp\/v2\/pages"}],"about":[{"href":"https:\/\/foerderverein-gs-osann-monzel.de\/web\/wp-json\/wp\/v2\/types\/page"}],"author":[{"embeddable":true,"href":"https:\/\/foerderverein-gs-osann-monzel.de\/web\/wp-json\/wp\/v2\/users\/1"}],"replies":[{"embeddable":true,"href":"https:\/\/foerderverein-gs-osann-monzel.de\/web\/wp-json\/wp\/v2\/comments?post=7"}],"version-history":[{"count":88,"href":"https:\/\/foerderverein-gs-osann-monzel.de\/web\/wp-json\/wp\/v2\/pages\/7\/revisions"}],"predecessor-version":[{"id":129,"href":"https:\/\/foerderverein-gs-osann-monzel.de\/web\/wp-json\/wp\/v2\/pages\/7\/revisions\/129"}],"wp:attachment":[{"href":"https:\/\/foerderverein-gs-osann-monzel.de\/web\/wp-json\/wp\/v2\/media?parent=7"}],"curies":[{"name":"wp","href":"https:\/\/api.w.org\/{rel}","templated":true}]}}

<h2>Gemeinsam machen wir uns stark für unsere Kinder</h2>
<p><img decoding="async" loading="lazy" class="bildl    alignnone" style="margin-top: 5px; margin-bottom: 12px; margin-left: 0px;" alt="Foto: © Alexandra-H./pixelio.de" src="https://foerderverein-gs-osann-monzel.de/web/wp-content/uploads/2013/06/567900_web_R_K_B_by_Alexandra-H._pixelio.de_.jpg" width="304" height="243" /></p>
<p style="text-align: left;">Der Förderverein der Grundschule Osann-Monzel besteht aus Eltern, Lehrern und Mitbürgern, die Interesse an der Förderung der Grundschule Osann-Monzel haben und macht es sich seit der Gründung am 13. März 2013 zur Aufgabe, die Grundschule zu unterstützen und Aktivitäten zu fördern, die nicht vom Schulträger übernommen werden können.</p>
<p>Am 24. April 2013 wurde der Verein vom Finanzamt Bernkastel-Wittlich als gemeinnützig anerkannt.</p>
<p><strong style="color: #1d71b8;">Unsere Ziele sind es</strong></p>
<ul>
<li><span style="line-height: 13px;">Die bestmöglichen Voraussetzungen für die Entwicklung unserer Kinder schaffen.</span></li>
<li>Das Vertrauensverhältnis zwischen Elternschaft, Lehrern und Schülern pflegen.</li>
<li>Die Schularbeit ideell und materiell fördern .</li>
<li>Die Zukunft unserer Schule sichern.</li>
</ul>
<p>&nbsp;</p>
<p><strong style="color: #1d71b8;">Daher sucht der Vorstand  noch weitere Mitstreiter</strong></p>
<ul>
<li>um Ideen für seine Ziele zu sammeln</li>
<li>unsere Schule zu unterstützen</li>
<li>Hilfestellung zu geben</li>
<li>die Schule als Lebensort mitzugestalten</li>
</ul>
<p>&nbsp;</p>
<p><strong style="color: #1d71b8;">Jeder kann Mitglied werden!</strong></p>
<p>&nbsp;</p>
<p><span class="foto">Foto: © Alexandra-H./pixelio.de</span></p>

<p>Gemeinsam machen wir uns stark für unsere Kinder Der Förderverein der Grundschule Osann-Monzel besteht aus Eltern, Lehrern und Mitbürgern, die Interesse an der Förderung der Grundschule Osann-Monzel haben und macht es sich seit der Gründung am 13. März 2013 zur Aufgabe, die Grundschule zu unterstützen und Aktivitäten zu fördern, die nicht vom Schulträger übernommen werden können. [&hellip;]</p>
